9. Let t be g(-12). Let u(s) = -s**3 + 8*s**2 - 4*s. Calculate the remainder when u(t) is divided by 13.
8
Suppose 0*y + 12 = 6*y. Suppose 36 = r + y*q, 2*q - 132 = -0*r - 4*r. Calculate the remainder when r is divided by 11.
10
Let t(m) = -m + 7. What is the remainder when (-5*(-10)/(-100))/(2/(-12)) is divided by t(6)?
0
Let r = 132 - 129. Let u(h) = -h**2 + 5*h + 5. What is the remainder when 98 is divided by u(r)?
10
Suppose -229*a + 231*a = 24. What is the remainder when a is divided by 2?
0
What is the remainder when 184 is divided by (62 + -59)/((-9)/(-168))?
16
Let h(d) = 8 + 11 - 6 + 25*d. What is the remainder when h(5) is divided by 14?
12
Suppose 2*i = 205 - 55. What is the remainder when i is divided by (-407)/(-22) - 10/(-20)?
18
Suppose -2*t = -0*t. Suppose t = -5*b + v + 182, -v = -3*b - 5*v + 123. Suppose -b = -5*d + 3. Calculate the remainder when 14 is divided by d.
6
Let g(x) = -x**2 + 1 + x**2 - x**2. Let d be g(7). What is the remainder when 2 is divided by d/(-40) - (-2)/(-10)?
0
Suppose 17*v - 24*v + 3976 = 0. Suppose 12*m - 20*m = -v. What is the remainder when m is divided by 8?
7
Suppose -3*k - 5*i + 33 = -150, -3*k + 3*i + 159 = 0. Calculate the remainder when k is divided by 15.
11
Let l(h) = -17*h - 15. Calculate the remainder when l(-8) is divided by 42.
37
Suppose 95 = 4*y - u, 0*y + 4*u = 2*y - 44. Let z = y + 16. Suppose -o = -5*w - 32, 0 = 5*o - 3*o - 4*w - z. Calculate the remainder when 22 is divided by o.
10
What is the remainder when (-8 - (-14 - -5))/(2/54) is divided by 13?
1
Let m = -14 + 16. Suppose -24 = -4*q - k, m*k = 6 + 2. Suppose 3*s + o + 11 - 126 = 0, q*s - 181 = o. Calculate the remainder when s is divided by 10.
7
Suppose -25*k = -27*k + 110. Let m = k + -23. What is the remainder when 125 is divided by m?
29
Let m = 294 + -171. Calculate the remainder when m is divided by 13.
6
Suppose 14 - 79 = -5*p. Let h(c) = c + c - 2 - c**3 + 8*c**2 - 5*c. What is the remainder when h(4) is divided by p?
11
Let d(w) = 14*w**3 - 3*w + 4. What is the remainder when 85 is divided by d(1)?
10
Suppose 18 = -2*w + 4*k, 4*w + k - 6 = 3*w. Let m be (-1 - -2) + 19/19. Suppose 5*l = 2*r - 1, r - 1 = m. Calculate the remainder when w is divided by l.
0
Suppose 0 = -3*m - 0*m. Suppose -3*u - 3*k + 84 = m, 3*k = 5*k - 10. Suppose -78 = -5*b - u. Calculate the remainder when 43 is divided by b.
10
Let c(t) = -3 - t**2 + 11 - 3 + 6 + 11*t. Calculate the remainder when c(9) is divided by 11.
7
Let u(t) = -32*t - 186. What is the remainder when u(-7) is divided by 15?
8
Let l(v) = 2*v - 7. Let i be l(5). Suppose 2*n - 32 = -5*r + i*r, -r + 21 = -4*n. Calculate the remainder when 32 is divided by r.
15
Let q(l) = 5*l**2 + 2*l + 2. Let x(d) = -14*d - 11 + 2*d - 3*d**2 + 4*d**2. Calculate the remainder when q(-1) is divided by x(13).
1
Let z be ((-44)/(-10) - 0) + 3/5. What is the remainder when 10/4*18/z is divided by 6?
3
Suppose -5*i = 10, 2*i + 3*i + 120 = 5*c. Let m(a) = 4*a - 67. What is the remainder when m(27) is divided by c?
19
Let m(f) = -4*f + 21. Let v be m(0). Suppose 7*y + 48 = 3*y. Let s = y + v. Calculate the remainder when 35 is divided by s.
8
Suppose 0 = 8*d - 1478 + 302. Calculate the remainder when d is divided by 16.
3
Let a be 129/27 + 4/18. Let s(b) be the first derivative of b**4/4 - b**3 - 5*b**2/2 - 8. Calculate the remainder when 74 is divided by s(a).
24
Let a(p) = p**3 + 9*p**2 - 9*p + 9. Let d be a(-10). Calculate the remainder when (d - (-78)/3)/1 is divided by (-111)/(-15) + 4/(-10).
4
Let q(o) = 18*o + 2. What is the remainder when 94 is divided by q(1)?
14
Let z(s) = -5*s + 3. Let p be z(3). Let r = 6 + p. Let g = 50 + r. Calculate the remainder when g is divided by 15.
14
Let w(r) be the third derivative of r**6/120 - 2*r**5/15 + r**4/24 - 7*r**3/3 - 19*r**2. What is the remainder when w(10) is divided by 33?
31
Suppose -5*x + 3*s = 5 - 42, -x - s = -1. Suppose x*z + 96 = z. What is the remainder when ((-126)/z)/(2/8) is divided by 7?
0
Let z = 258 + -215. Calculate the remainder when z is divided by 2.
1
Let m be (-18)/(-42) + 781/7. Let d = 193 + m. Suppose d = 4*i + 45. Calculate the remainder when i is divided by 22.
21
Let l(a) = -17*a - 81. Calculate the remainder when l(-11) is divided by 14.
8
Let f = 842 + -295. What is the remainder when f is divided by 69?
64
What is the remainder when 5 + -9 + (-53)/(-1) is divided by 11?
5
Let k = -4 - -29. Calculate the remainder when 320 is divided by k.
20
Let n = 147 - 137. What is the remainder when 307 is divided by n?
7
Let a(m) = 2*m + 3. Let i = 178 - 67. Suppose 3*c + 3*p - i = 0, 2*c - 19 - 46 = p. Calculate the remainder when c is divided by a(3).
7
Calculate the remainder when -1 + (-5)/(30/(-24)) is divided by (-2)/(-2*2/6).
0
Suppose 3*i - 4 = 11, v - 40 = -4*i. Let l = v + 6. Calculate the remainder when 49 is divided by l.
23
Let y(u) = u**3 - 5*u**2 - 3. Let b be y(5). Let t = b + 17. Calculate the remainder when (-15)/((-60)/(-8)) - -28 is divided by t.
12
Suppose 4 - 12 = -4*y. Let q(t) = 2*t**3 - 3*t**2 - 2*t. Let f be q(y). Suppose -4*z + 28 + 28 = f. Calculate the remainder when 25 is divided by z.
11
Let v = 585 + -394. What is the remainder when v is divided by 64?
63
Suppose -2*d = d + 81. Let k be 374/18 + (-6)/d. Let g = k - 2. Calculate the remainder when g is divided by 7.
5
Let q(b) = 8*b**2 + 51*b - 4. What is the remainder when q(-9) is divided by 47?
44
Calculate the remainder when (-135)/(-162) + 391/6 is divided by 28.
10
Suppose -64*k + 87 = -1385. What is the remainder when -1*176/(-2 - 0) is divided by k?
19
Suppose -32*w = -1883 - 5573. Calculate the remainder when w is divided by 81.
71
Let u = -12 - -10. Let z = u - -26. Calculate the remainder when 69 is divided by z.
21
Let n(b) = b**2 + 2*b - 9. Calculate the remainder when 129 is divided by n(5).
25
Let z = 3 - -8. Suppose 0 = 13*f - z*f. Suppose -3*w - 9 = f, 27 = 3*x - 0*x + 3*w. Calculate the remainder when 33 is divided by x.
9
Let t = 1033 - 775. Calculate the remainder when t is divided by 66.
60
Let n(f) = f**2 + 42*f + 459. Calculate the remainder when 37 is divided by n(-19).
15
Suppose -3*w - 2*j + 22 = 0, -15 - 17 = -4*w - 4*j. Let t = -15 + w. What is the remainder when 18 is divided by 12/t*(-60)/8?
8
Let s(m) = -7*m. Suppose 20 = -4*d - 2*v + 170, -2*d = -5*v - 45. Let x = d + -23. Calculate the remainder when s(-5) is divided by x.
11
Suppose 122*c = 95*c + 135. Calculate the remainder when 8 is divided by c.
3
Suppose 0 = 3*i + i - 64. Suppose -83 - 21 = -52*w. Calculate the remainder when i is divided by w.
0
Suppose -y + 26 = c, 5*c + y + 7 = 157. What is the remainder when 10 + 9 + -17 + 120 is divided by c?
29
Let d(v) = -40*v**2 - 176*v - 8. Calculate the remainder when 322 is divided by d(-4).
42
Let a(y) = -y**3 + 11*y**2 + 18*y - 8. Let n be a(12). Suppose 3*h - 60 = 75. Let j = n - h. What is the remainder when j is divided by 5?
4
Suppose -2 + 8 = -2*g, -2*p = 4*g - 354. What is the remainder when p is divided by 94?
89
Let u(b) = 25*b - 1. Let w = 54 - 38. Suppose 5*k + 187 = w*k. What is the remainder when u(2) is divided by k?
15
Let k(l) = -7. Let o(t) = t + 15. Let p(v) = -5*k(v) - 3*o(v). Let h be p(-6). Let r = 0 + h. What is the remainder when 21 is divided by r?
5
Suppose -9*c + 6*c + 72 = 0. Suppose -3*w - c = -5*w. What is the remainder when 20 is divided by w?
8
Let j be (-4)/26 + (-54)/(-13). Suppose 180 = 7*x - j*x. What is the remainder when x is divided by 21?
18
What is the remainder when -99*(8/(24/9) + -6) is divided by 25?
22
Let x be -50 - (-6)/6*(-1 + 3). Let f = 96 + x. What is the remainder when f is divided by 17?
14
Let w(d) = -7*d + 371. Calculate the remainder when w(35) is divided by 39.
9
What is the remainder when 97 is divided by 4/(-34) - (4 - (-1230)/(-51))?
17
Suppose 534*z - 52 = 530*z. Suppose 8 - 2 = 2*w. What is the remainder when z is divided by w?
1
Calculate the remainder when (-334282)/(-172) - (-14)/4 is divided by 78.
75
Suppose 6*t - 944 = 1006. What is the remainder when t is divided by 111?
103
Let l = -58 + 94. Suppose -3*s + l = -s. Calculate the remainder when (51/12)/(-2*(-3)/72) is divided by s.
15
Let t(j) be the second derivative of j**5/20 - j**4/6 + 2*j**3/3